e the prime factors of 2451?
3, 19, 43
List the prime factors of 6487.
13, 499
List the prime factors of 345.
3, 5, 23
List the prime factors of 314.
2, 157
What are the prime factors of 705?
3, 5, 47
List the prime factors of 2127.
3, 709
List the prime factors of 375.
3, 5
List the prime factors of 507.
3, 13
What are the prime factors of 109968?
2, 3, 29, 79
What are the prime factors of 291?
3, 97
List the prime factors of 10990.
2, 5, 7, 157
List the prime factors of 2740.
2, 5, 137
List the prime factors of 12585.
3, 5, 839
List the prime factors of 1056.
2, 3, 11
What are the prime factors of 2843?
2843
What are the prime factors of 70297?
70297
List the prime factors of 2871.
3, 11, 29
What are the prime factors of 42195?
3, 5, 29, 97
What are the prime factors of 40238?
2, 11, 31, 59
List the prime factors of 1075.
5, 43
What are the prime factors of 632?
2, 79
List the prime factors of 1656.
2, 3, 23
List the prime factors of 99.
3, 11
What are the prime factors of 47614?
2, 7, 19, 179
What are the prime factors of 5127?
3, 1709
What are the prime factors of 11299?
11299
List the prime factors of 1017.
3, 113
What are the prime factors of 93494?
2, 46747
List the prime factors of 31732.
2, 7933
What are the prime factors of 839?
839
List the prime factors of 3021.
3, 19, 53
List the prime factors of 4983.
3, 11, 151
List the prime factors of 19241.
71, 271
What are the prime factors of 1843?
19, 97
List the prime factors of 21943.
21943
List the prime factors of 8189.
19, 431
List the prime factors of 62715.
3, 5, 37, 113
What are the prime factors of 28303?
11, 31, 83
What are the prime factors of 18727?
61, 307
List the prime factors of 4858.
2, 7, 347
List the prime factors of 12517.
12517
What are the prime factors of 633?
3, 211
List the prime factors of 2012.
2, 503
What are the prime factors of 14164?
2, 3541
List the prime factors of 44570.
2, 5, 4457
What are the prime factors of 1753?
1753
What are the prime factors of 85605?
3, 5, 13, 439
What are the prime factors of 5471?
5471
What are the prime factors of 3361?
3361
List the prime factors of 52401.
3, 17467
List the prime factors of 6614.
2, 3307
What are the prime factors of 86791?
229, 379
List the prime factors of 183.
3, 61
What are the prime factors of 39668?
2, 47, 211
What are the prime factors of 24633?
3, 7, 17, 23
List the prime factors of 3.
3
What are the prime factors of 1000?
2, 5
What are the prime factors of 1450?
2, 5, 29
List the prime factors of 7680.
2, 3, 5
What are the prime factors of 28778?
2, 14389
What are the prime factors of 6754?
2, 11, 307
List the prime factors of 78280.
2, 5, 19, 103
What are the prime factors of 38338?
2, 29, 661
List the prime factors of 28172.
2, 7043
What are the prime factors of 3598?
2, 7, 257
What are the prime factors of 4145?
5, 829
List the prime factors of 69.
3, 23
What are the prime factors of 589?
19, 31
What are the prime factors of 205622?
2, 102811
List the prime factors of 15028.
2, 13, 17
List the prime factors of 69302.
2, 34651
List the prime factors of 4214.
2, 7, 43
List the prime factors of 4545.
3, 5, 101
List the prime factors of 2345.
5, 7, 67
List the prime factors of 4694.
2, 2347
What are the prime factors of 28346?
2, 14173
List the prime factors of 6520.
2, 5, 163
What are the prime factors of 14073?
3, 4691
List the prime factors of 774.
2, 3, 43
List the prime factors of 2364.
2, 3, 197
What are the prime factors of 192860?
2, 5, 9643
List the prime factors of 25591.
157, 163
What are the prime factors of 1512?
2, 3, 7
What are the prime factors of 688?
2, 43
List the prime factors of 12176.
2, 761
List the prime factors of 52817.
52817
What are the prime factors of 1895?
5, 379
List the prime factors of 958.
2, 479
What are the prime factors of 91777?
7, 1873
List the prime factors of 946.
2, 11, 43
List the prime factors of 164.
2, 41
What are the prime factors of 30656?
2, 479
List the prime factors of 3864.
2, 3, 7, 23
What are the prime factors of 8441?
23, 367
List the prime factors of 10378.
2, 5189
What are the prime factors of 25402?
2, 13, 977
What are the prime factors of 7630?
2, 5, 7, 109
What are the prime factors of 109152?
2, 3, 379
What are the prime factors of 2064?
2, 3, 43
List the prime factors of 41070.
2, 3, 5, 37
List the prime factors of 47416.
2, 5927
List the prime factors of 530.
2, 5, 53
List the prime factors of 5883.
3, 37, 53
List the prime factors of 4341.
3, 1447
List the prime factors of 14575.
5, 11, 53
What are the prime factors of 61911?
3, 2293
List the prime factors of 2102.
2, 1051
List the prime factors of 2733.
3, 911
List the prime factors of 1965.
3, 5, 131
List the prime factors of 12998.
2, 67, 97
What are the prime factors of 142336?
2, 139
List the prime factors of 34189.
179, 191
List the prime factors of 8244.
2, 3, 229
What are the prime factors of 1405?
5, 281
List the prime factors of 408.
2, 3, 17
List the prime factors of 1529.
11, 139
List the prime factors of 1821.
3, 607
List the prime factors of 1121.
19, 59
What are the prime factors of 11350?
2, 5, 227
What are the prime factors of 18693?
3, 31, 67
What are the prime factors of 283?
283
What are the prime factors of 995?
5, 199
What are the prime factors of 1545?
3, 5, 103
What are the prime factors of 14694?
2, 3, 31, 79
What are the prime factors of 2726?
2, 29, 47
What are the prime factors of 1767?
3, 19, 31
List the prime factors of 399.
3, 7, 19
List the prime factors of 41570.
2, 5, 4157
What are the prime factors of 1169?
7, 167
List the prime factors of 5901.
3, 7, 281
What are the prime factors of 2658?
2, 3, 443
List the prime factors of 6158.
2, 3079
What are the prime factors of 22451?
11, 13, 157
What are the prime factors of 3167?
3167
List the prime factors of 3438.
2, 3, 191
List the prime factors of 17934.
2, 3, 7, 61
List the prime factors of 29430.
2, 3, 5, 109
List the prime factors of 16456.
2, 11, 17
What are the prime factors of 1509?
3, 503
List the prime factors of 36366.
2, 3, 11, 19, 29
List the prime factors of 15771.
3, 7, 751
What are the prime factors of 2233?
7, 11, 29
List the prime factors of 26.
2, 13
What are the prime factors of 12819?
3, 4273
List the prime factors of 4385.
5, 877
List the prime factors of 6115.
5, 1223
List the prime factors of 21190.
2, 5, 13, 163
List the prime factors of 3843.
3, 7, 61
What are the prime factors of 1686?
2, 3, 281
List the prime factors of 3759.
3, 7, 179
List the prime factors of 1301.
1301
What are the prime factors of 73534?
2, 36767
List the prime factors of 4918.
2, 2459
What are the prime factors of 1363?
29, 47
List the prime factors of 140.
2, 5, 7
List the prime factors of 57298.
2, 28649
What are the prime factors of 1517?
37, 41
List the prime factors of 20216.
2, 7, 19
What are the prime factors of 772?
2, 193
List the prime factors of 9123.
3, 3041
What are the prime factors of 1849?
43
List the prime factors of 582.
2, 3, 97
List the prime factors of 55114.
2, 17, 1621
List the prime factors of 33972.
2, 3, 19, 149
List the prime factors of 10295.
5, 29, 71
What are the prime factors of 18221?
7, 19, 137
What are the prime factors of 458?
2, 229
What are the prime factors of 5384?
2, 673
What are the prime factors of 18284?
2, 7, 653
What are the prime factors of 621?
3, 23
What are the prime factors of 295?
5, 59
List the prime factors of 3188.
2, 797
What are the prime factors of 397?
397
What are the prime factors of 4581?
3, 509
List the prime factors of 102195.
3, 5, 757
List the prime factors of 25292.
2, 6323
List the prime factors of 79848.
2, 3, 1109
List the prime factors of 2951.
13, 227
What are the prime factors of 4456?
2, 557
List the prime factors of 18.
2, 3
What are the prime factors of 45254?
2, 11, 17
What are the prime factors of 418?
2, 11, 19
List the prime factors of 87147.
3, 23, 421
What are the prime factors of 48981?
3, 29, 563
What are the prime factors of 2301?
3, 13, 59
List the prime factors of 1875.
3, 5
What are the prime factors of 1852?
2, 463
List the prime factors of 3316.
2, 829
List the prime factors of 1428.
2, 3, 7, 17
What are the prime factors of 1028?
2, 257
List the prime factors of 94684.
2, 23671
What are the prime factors of 3820?
2, 5